{"id":177,"date":"2025-07-12T11:18:30","date_gmt":"2025-07-12T09:18:30","guid":{"rendered":"https:\/\/www.posk.se\/bromma\/?page_id=177"},"modified":"2025-07-12T11:20:01","modified_gmt":"2025-07-12T09:20:01","slug":"kyrkoval","status":"publish","type":"page","link":"https:\/\/www.posk.se\/bromma\/kyrkoval\/","title":{"rendered":"Inf\u00f6r kyrkovalet 2025"},"content":{"rendered":"<h4><strong>Det \u00e4r vi som st\u00e4ller upp i valet till kyrkofullm\u00e4ktige i Bromma<\/strong><\/h4>\n<ol>\n<li>Ingrid Arvidson, Diakon<\/li>\n<li>Maud Tillbom, Kyrkv\u00e4rd<\/li>\n<li>Olof Ahlund, Polisinspekt\u00f6r<\/li>\n<li>Peter Streling, Pr\u00e4st<\/li>\n<li>Mats Dunkars, Tekn Dr<\/li>\n<li>Fredrik M\u00f6ller, Kommunikationssamordnare<\/li>\n<li>Solweig Myren, Barnsk\u00f6tare<\/li>\n<li>Louise Thorselius, Vice vd<\/li>\n<li>Patrik Hult, Civilingenj\u00f6r<\/li>\n<li>Magnus Gutenberg, Fritidspedagog<\/li>\n<li>Annika Bergenheim, Civilekonom<\/li>\n<li>Robert Johansson, Verksamhetsutvecklare<\/li>\n<li>Kerstin Tillman , Barnspec. sjuksk\u00f6terska<\/li>\n<li>Gunilla Ehlin, Adjunkt<\/li>\n<li>Ragnhild Bengtsson, Bibliotekarie<\/li>\n<li>Elisabeth Hallquist, Pedagog<\/li>\n<li>Freddie Lanshammar, S\u00e4ljare<\/li>\n<li>Jan Pons, Ingenj\u00f6r<\/li>\n<li>Isabel Dunkars, Jur. kand.<\/li>\n<li>Lena Ahlund, Pedagog<\/li>\n<li>Kari Landegren, Konstn\u00e4r<\/li>\n<li>Lars Naeslund, Professor<\/li>\n<li>Johan Arvidson, Vaktm\u00e4stare<\/li>\n<li>Marika Lingmerth, F\u00f6rsamlingsassistent<\/li>\n<li>Lars L\u00f6fgren, Systemerare<\/li>\n<li>Gloria Windelhed, F\u00f6rsamlingsassistent<\/li>\n<li>Bengt Bengtsson, Veteran<\/li>\n<li>Elisabeth Ogensj\u00f6, VD-sekreterare<\/li>\n<li>Olle Landegren, Tandl\u00e4kare<\/li>\n<li>Lars Arnold Ihrfors, Jur. kand.<\/li>\n<\/ol>\n<h4><strong>Under n\u00e4sta period vill vi i POSK arbeta f\u00f6r<\/strong><\/h4>\n<ul>\n<li>Verksamheten med och f\u00f6r barn, familj och ungdomar<\/li>\n<li>Dop och konfirmandarbete<\/li>\n<li>Rika m\u00f6jligheter till musik, kultur och angel\u00e4gna samtal<\/li>\n<li>Tillg\u00e4nglighet f\u00f6r f\u00f6rsamlingsbor som p\u00e5 olika s\u00e4tt beh\u00f6ver diakonal omsorg<\/li>\n<li>Bygga vidare p\u00e5 och utvidga samarbetet med stadsdelens olika akt\u00f6rer, f\u00f6retagare och intresseorganisationer f\u00f6r f\u00f6rsamlingsbornas b\u00e4sta<\/li>\n<\/ul>\n<h4><strong>Det h\u00e4r ser vi som de fr\u00e4msta utmaningarna de n\u00e4rmaste \u00e5ren<\/strong><\/h4>\n<ul>\n<li>Resurser f\u00f6r att m\u00f6ta det \u00f6kade antalet inv\u00e5nare i f\u00f6rsamlingen och skapa fler platser f\u00f6r m\u00f6ten runt om i f\u00f6rsamlingen<\/li>\n<li>Intressera nya, unga och \u00e4ldre, f\u00f6r kyrkan, och skapa s\u00e5 goda upplevelser att man med gl\u00e4dje blir kvar i f\u00f6rsamlingens verksamheter.<\/li>\n<\/ul>\n<h4><strong>Vi vill att Bromma f\u00f6rsamling ska k\u00e4nnetecknas av<\/strong><\/h4>\n<ul>\n<li>\u00d6ppenhet, m\u00e5ngfald och respekt<\/li>\n<li>M\u00f6ten \u00f6ver generationsgr\u00e4nser<\/li>\n<li>V\u00e5rd av och respekt f\u00f6r v\u00e5rt kulturarv<\/li>\n<li>Engagemang i klimat- och milj\u00f6fr\u00e5gor<\/li>\n<\/ul>\n<p>&nbsp;<\/p>\n<p>&nbsp;<\/p>\n","protected":false},"excerpt":{"rendered":"<p>Det \u00e4r vi som st\u00e4ller upp i valet till kyrkofullm\u00e4ktige i Bromma Ingrid Arvidson, Diakon Maud Tillbom, Kyrkv\u00e4rd Olof Ahlund, Polisinspekt\u00f6r Peter Streling, Pr\u00e4st Mats Dunkars, Tekn Dr Fredrik M\u00f6ller, Kommunikationssamordnare Solweig Myren, Barnsk\u00f6tare Louise Thorselius, Vice vd Patrik Hult, Civilingenj\u00f6r Magnus Gutenberg, Fritidspedagog Annika Bergenheim, Civilekonom Robert Johansson, Verksamhetsutvecklare Kerstin Tillman , Barnspec. sjuksk\u00f6terska [&hellip;]<\/p>\n","protected":false},"author":1954,"featured_media":0,"parent":0,"menu_order":0,"comment_status":"closed","ping_status":"closed","template":"page-templates\/page-sidebar-left.php","meta":{"_acf_changed":false,"footnotes":""},"class_list":["post-177","page","type-page","status-publish","hentry"],"acf":[],"yoast_head":"<!-- This site is optimized with the Yoast SEO plugin v24.9 - https:\/\/yoast.com\/wordpress\/plugins\/seo\/ -->\n<title>Inf\u00f6r kyrkovalet 2025 - Bromma<\/title>\n<meta name=\"robots\" content=\"index, follow, max-snippet:-1, max-image-preview:large, max-video-preview:-1\" \/>\n<link rel=\"canonical\" href=\"https:\/\/www.posk.se\/bromma\/kyrkoval\/\" \/>\n<meta property=\"og:locale\" content=\"sv_SE\" \/>\n<meta property=\"og:type\" content=\"article\" \/>\n<meta property=\"og:title\" content=\"Inf\u00f6r kyrkovalet 2025 - Bromma\" \/>\n<meta property=\"og:description\" content=\"Det \u00e4r vi som st\u00e4ller upp i valet till kyrkofullm\u00e4ktige i Bromma Ingrid Arvidson, Diakon Maud Tillbom, Kyrkv\u00e4rd Olof Ahlund, Polisinspekt\u00f6r Peter Streling, Pr\u00e4st Mats Dunkars, Tekn Dr Fredrik M\u00f6ller, Kommunikationssamordnare Solweig Myren, Barnsk\u00f6tare Louise Thorselius, Vice vd Patrik Hult, Civilingenj\u00f6r Magnus Gutenberg, Fritidspedagog Annika Bergenheim, Civilekonom Robert Johansson, Verksamhetsutvecklare Kerstin Tillman , Barnspec. sjuksk\u00f6terska [&hellip;]\" \/>\n<meta property=\"og:url\" content=\"https:\/\/www.posk.se\/bromma\/kyrkoval\/\" \/>\n<meta property=\"og:site_name\" content=\"Bromma\" \/>\n<meta property=\"article:modified_time\" content=\"2025-07-12T09:20:01+00:00\" \/>\n<meta name=\"twitter:card\" content=\"summary_large_image\" \/>\n<meta name=\"twitter:label1\" content=\"Ber\u00e4knad l\u00e4stid\" \/>\n\t<meta name=\"twitter:data1\" content=\"2 minuter\" \/>\n<script type=\"application\/ld+json\" class=\"yoast-schema-graph\">{\"@context\":\"https:\/\/schema.org\",\"@graph\":[{\"@type\":\"WebPage\",\"@id\":\"https:\/\/www.posk.se\/bromma\/kyrkoval\/\",\"url\":\"https:\/\/www.posk.se\/bromma\/kyrkoval\/\",\"name\":\"Inf\u00f6r kyrkovalet 2025 - Bromma\",\"isPartOf\":{\"@id\":\"https:\/\/www.posk.se\/bromma\/#website\"},\"datePublished\":\"2025-07-12T09:18:30+00:00\",\"dateModified\":\"2025-07-12T09:20:01+00:00\",\"breadcrumb\":{\"@id\":\"https:\/\/www.posk.se\/bromma\/kyrkoval\/#breadcrumb\"},\"inLanguage\":\"sv-SE\",\"potentialAction\":[{\"@type\":\"ReadAction\",\"target\":[\"https:\/\/www.posk.se\/bromma\/kyrkoval\/\"]}]},{\"@type\":\"BreadcrumbList\",\"@id\":\"https:\/\/www.posk.se\/bromma\/kyrkoval\/#breadcrumb\",\"itemListElement\":[{\"@type\":\"ListItem\",\"position\":1,\"name\":\"Hem\",\"item\":\"https:\/\/www.posk.se\/bromma\/\"},{\"@type\":\"ListItem\",\"position\":2,\"name\":\"Inf\u00f6r kyrkovalet 2025\"}]},{\"@type\":\"WebSite\",\"@id\":\"https:\/\/www.posk.se\/bromma\/#website\",\"url\":\"https:\/\/www.posk.se\/bromma\/\",\"name\":\"Bromma\",\"description\":\"POSK-grupp i Stockholms stift\",\"potentialAction\":[{\"@type\":\"SearchAction\",\"target\":{\"@type\":\"EntryPoint\",\"urlTemplate\":\"https:\/\/www.posk.se\/bromma\/?s={search_term_string}\"},\"query-input\":{\"@type\":\"PropertyValueSpecification\",\"valueRequired\":true,\"valueName\":\"search_term_string\"}}],\"inLanguage\":\"sv-SE\"}]}<\/script>\n<!-- \/ Yoast SEO plugin. -->","yoast_head_json":{"title":"Inf\u00f6r kyrkovalet 2025 - Bromma","robots":{"index":"index","follow":"follow","max-snippet":"max-snippet:-1","max-image-preview":"max-image-preview:large","max-video-preview":"max-video-preview:-1"},"canonical":"https:\/\/www.posk.se\/bromma\/kyrkoval\/","og_locale":"sv_SE","og_type":"article","og_title":"Inf\u00f6r kyrkovalet 2025 - Bromma","og_description":"Det \u00e4r vi som st\u00e4ller upp i valet till kyrkofullm\u00e4ktige i Bromma Ingrid Arvidson, Diakon Maud Tillbom, Kyrkv\u00e4rd Olof Ahlund, Polisinspekt\u00f6r Peter Streling, Pr\u00e4st Mats Dunkars, Tekn Dr Fredrik M\u00f6ller, Kommunikationssamordnare Solweig Myren, Barnsk\u00f6tare Louise Thorselius, Vice vd Patrik Hult, Civilingenj\u00f6r Magnus Gutenberg, Fritidspedagog Annika Bergenheim, Civilekonom Robert Johansson, Verksamhetsutvecklare Kerstin Tillman , Barnspec. sjuksk\u00f6terska [&hellip;]","og_url":"https:\/\/www.posk.se\/bromma\/kyrkoval\/","og_site_name":"Bromma","article_modified_time":"2025-07-12T09:20:01+00:00","twitter_card":"summary_large_image","twitter_misc":{"Ber\u00e4knad l\u00e4stid":"2 minuter"},"schema":{"@context":"https:\/\/schema.org","@graph":[{"@type":"WebPage","@id":"https:\/\/www.posk.se\/bromma\/kyrkoval\/","url":"https:\/\/www.posk.se\/bromma\/kyrkoval\/","name":"Inf\u00f6r kyrkovalet 2025 - Bromma","isPartOf":{"@id":"https:\/\/www.posk.se\/bromma\/#website"},"datePublished":"2025-07-12T09:18:30+00:00","dateModified":"2025-07-12T09:20:01+00:00","breadcrumb":{"@id":"https:\/\/www.posk.se\/bromma\/kyrkoval\/#breadcrumb"},"inLanguage":"sv-SE","potentialAction":[{"@type":"ReadAction","target":["https:\/\/www.posk.se\/bromma\/kyrkoval\/"]}]},{"@type":"BreadcrumbList","@id":"https:\/\/www.posk.se\/bromma\/kyrkoval\/#breadcrumb","itemListElement":[{"@type":"ListItem","position":1,"name":"Hem","item":"https:\/\/www.posk.se\/bromma\/"},{"@type":"ListItem","position":2,"name":"Inf\u00f6r kyrkovalet 2025"}]},{"@type":"WebSite","@id":"https:\/\/www.posk.se\/bromma\/#website","url":"https:\/\/www.posk.se\/bromma\/","name":"Bromma","description":"POSK-grupp i Stockholms stift","potentialAction":[{"@type":"SearchAction","target":{"@type":"EntryPoint","urlTemplate":"https:\/\/www.posk.se\/bromma\/?s={search_term_string}"},"query-input":{"@type":"PropertyValueSpecification","valueRequired":true,"valueName":"search_term_string"}}],"inLanguage":"sv-SE"}]}},"_links":{"self":[{"href":"https:\/\/www.posk.se\/bromma\/wp-json\/wp\/v2\/pages\/177","targetHints":{"allow":["GET"]}}],"collection":[{"href":"https:\/\/www.posk.se\/bromma\/wp-json\/wp\/v2\/pages"}],"about":[{"href":"https:\/\/www.posk.se\/bromma\/wp-json\/wp\/v2\/types\/page"}],"author":[{"embeddable":true,"href":"https:\/\/www.posk.se\/bromma\/wp-json\/wp\/v2\/users\/1954"}],"replies":[{"embeddable":true,"href":"https:\/\/www.posk.se\/bromma\/wp-json\/wp\/v2\/comments?post=177"}],"version-history":[{"count":9,"href":"https:\/\/www.posk.se\/bromma\/wp-json\/wp\/v2\/pages\/177\/revisions"}],"predecessor-version":[{"id":186,"href":"https:\/\/www.posk.se\/bromma\/wp-json\/wp\/v2\/pages\/177\/revisions\/186"}],"wp:attachment":[{"href":"https:\/\/www.posk.se\/bromma\/wp-json\/wp\/v2\/media?parent=177"}],"curies":[{"name":"wp","href":"https:\/\/api.w.org\/{rel}","templated":true}]}}

Inför kyrkovalet 2025

<h4><strong>Det är vi som ställer upp i valet till kyrkofullmäktige i Bromma</strong></h4>
<ol>
<li>Ingrid Arvidson, Diakon</li>
<li>Maud Tillbom, Kyrkvärd</li>
<li>Olof Ahlund, Polisinspektör</li>
<li>Peter Streling, Präst</li>
<li>Mats Dunkars, Tekn Dr</li>
<li>Fredrik Möller, Kommunikationssamordnare</li>
<li>Solweig Myren, Barnskötare</li>
<li>Louise Thorselius, Vice vd</li>
<li>Patrik Hult, Civilingenjör</li>
<li>Magnus Gutenberg, Fritidspedagog</li>
<li>Annika Bergenheim, Civilekonom</li>
<li>Robert Johansson, Verksamhetsutvecklare</li>
<li>Kerstin Tillman , Barnspec. sjuksköterska</li>
<li>Gunilla Ehlin, Adjunkt</li>
<li>Ragnhild Bengtsson, Bibliotekarie</li>
<li>Elisabeth Hallquist, Pedagog</li>
<li>Freddie Lanshammar, Säljare</li>
<li>Jan Pons, Ingenjör</li>
<li>Isabel Dunkars, Jur. kand.</li>
<li>Lena Ahlund, Pedagog</li>
<li>Kari Landegren, Konstnär</li>
<li>Lars Naeslund, Professor</li>
<li>Johan Arvidson, Vaktmästare</li>
<li>Marika Lingmerth, Församlingsassistent</li>
<li>Lars Löfgren, Systemerare</li>
<li>Gloria Windelhed, Församlingsassistent</li>
<li>Bengt Bengtsson, Veteran</li>
<li>Elisabeth Ogensjö, VD-sekreterare</li>
<li>Olle Landegren, Tandläkare</li>
<li>Lars Arnold Ihrfors, Jur. kand.</li>
</ol>
<h4><strong>Under nästa period vill vi i POSK arbeta för</strong></h4>
<ul>
<li>Verksamheten med och för barn, familj och ungdomar</li>
<li>Dop och konfirmandarbete</li>
<li>Rika möjligheter till musik, kultur och angelägna samtal</li>
<li>Tillgänglighet för församlingsbor som på olika sätt behöver diakonal omsorg</li>
<li>Bygga vidare på och utvidga samarbetet med stadsdelens olika aktörer, företagare och intresseorganisationer för församlingsbornas bästa</li>
</ul>
<h4><strong>Det här ser vi som de främsta utmaningarna de närmaste åren</strong></h4>
<ul>
<li>Resurser för att möta det ökade antalet invånare i församlingen och skapa fler platser för möten runt om i församlingen</li>
<li>Intressera nya, unga och äldre, för kyrkan, och skapa så goda upplevelser att man med glädje blir kvar i församlingens verksamheter.</li>
</ul>
<h4><strong>Vi vill att Bromma församling ska kännetecknas av</strong></h4>
<ul>
<li>Öppenhet, mångfald och respekt</li>
<li>Möten över generationsgränser</li>
<li>Vård av och respekt för vårt kulturarv</li>
<li>Engagemang i klimat- och miljöfrågor</li>
</ul>
<p>&nbsp;</p>
<p>&nbsp;</p>

<p>Det är vi som ställer upp i valet till kyrkofullmäktige i Bromma Ingrid Arvidson, Diakon Maud Tillbom, Kyrkvärd Olof Ahlund, Polisinspektör Peter Streling, Präst Mats Dunkars, Tekn Dr Fredrik Möller, Kommunikationssamordnare Solweig Myren, Barnskötare Louise Thorselius, Vice vd Patrik Hult, Civilingenjör Magnus Gutenberg, Fritidspedagog Annika Bergenheim, Civilekonom Robert Johansson, Verksamhetsutvecklare Kerstin Tillman , Barnspec. sjuksköterska [&hellip;]</p>

<!-- This site is optimized with the Yoast SEO plugin v24.9 - https://yoast.com/wordpress/plugins/seo/ -->
<title>Inför kyrkovalet 2025 - Bromma</title>
<meta name="robots" content="index, follow, max-snippet:-1, max-image-preview:large, max-video-preview:-1" />
<link rel="canonical" href="https://www.posk.se/bromma/kyrkoval/" />
<meta property="og:locale" content="sv_SE" />
<meta property="og:type" content="article" />
<meta property="og:title" content="Inför kyrkovalet 2025 - Bromma" />
<meta property="og:description" content="Det är vi som ställer upp i valet till kyrkofullmäktige i Bromma Ingrid Arvidson, Diakon Maud Tillbom, Kyrkvärd Olof Ahlund, Polisinspektör Peter Streling, Präst Mats Dunkars, Tekn Dr Fredrik Möller, Kommunikationssamordnare Solweig Myren, Barnskötare Louise Thorselius, Vice vd Patrik Hult, Civilingenjör Magnus Gutenberg, Fritidspedagog Annika Bergenheim, Civilekonom Robert Johansson, Verksamhetsutvecklare Kerstin Tillman , Barnspec. sjuksköterska [&hellip;]" />
<meta property="og:url" content="https://www.posk.se/bromma/kyrkoval/" />
<meta property="og:site_name" content="Bromma" />
<meta property="article:modified_time" content="2025-07-12T09:20:01+00:00" />
<meta name="twitter:card" content="summary_large_image" />
<meta name="twitter:label1" content="Beräknad lästid" />
	<meta name="twitter:data1" content="2 minuter" />
<script type="application/ld+json" class="yoast-schema-graph">{"@context":"https://schema.org","@graph":[{"@type":"WebPage","@id":"https://www.posk.se/bromma/kyrkoval/","url":"https://www.posk.se/bromma/kyrkoval/","name":"Inför kyrkovalet 2025 - Bromma","isPartOf":{"@id":"https://www.posk.se/bromma/#website"},"datePublished":"2025-07-12T09:18:30+00:00","dateModified":"2025-07-12T09:20:01+00:00","breadcrumb":{"@id":"https://www.posk.se/bromma/kyrkoval/#breadcrumb"},"inLanguage":"sv-SE","potentialAction":[{"@type":"ReadAction","target":["https://www.posk.se/bromma/kyrkoval/"]}]},{"@type":"BreadcrumbList","@id":"https://www.posk.se/bromma/kyrkoval/#breadcrumb","itemListElement":[{"@type":"ListItem","position":1,"name":"Hem","item":"https://www.posk.se/bromma/"},{"@type":"ListItem","position":2,"name":"Inför kyrkovalet 2025"}]},{"@type":"WebSite","@id":"https://www.posk.se/bromma/#website","url":"https://www.posk.se/bromma/","name":"Bromma","description":"POSK-grupp i Stockholms stift","potentialAction":[{"@type":"SearchAction","target":{"@type":"EntryPoint","urlTemplate":"https://www.posk.se/bromma/?s={search_term_string}"},"query-input":{"@type":"PropertyValueSpecification","valueRequired":true,"valueName":"search_term_string"}}],"inLanguage":"sv-SE"}]}</script>
<!-- / Yoast SEO plugin. -->

Inför kyrkovalet 2025 - Bromma

Det är vi som ställer upp i valet till kyrkofullmäktige i Bromma Ingrid Arvidson, Diakon Maud Tillbom, Kyrkvärd Olof Ahlund, Polisinspektör Peter Streling, Präst Mats Dunkars, Tekn Dr Fredrik Möller, Kommunikationssamordnare Solweig Myren, Barnskötare Louise Thorselius, Vice vd Patrik Hult, Civilingenjör Magnus Gutenberg, Fritidspedagog Annika Bergenheim, Civilekonom Robert Johansson, Verksamhetsutvecklare Kerstin Tillman , Barnspec. sjuksköterska [&hellip;]
