{"id":60,"date":"2025-08-28T08:33:54","date_gmt":"2025-08-28T06:33:54","guid":{"rendered":"https:\/\/www.posk.se\/boden\/?page_id=60"},"modified":"2025-08-28T10:53:02","modified_gmt":"2025-08-28T08:53:02","slug":"kandidater-kyrkomotet","status":"publish","type":"page","link":"https:\/\/www.posk.se\/boden\/kandidater-kyrkomotet\/","title":{"rendered":"Kandidater \u2013 kyrkom\u00f6tet"},"content":{"rendered":"<h3><span style=\"color: #000080;\">H\u00e4r \u00e4r POSKs kandidater fr\u00e5n Boden<br \/>\ni 2025 \u00e5rs kyrkom\u00f6tesval:<\/span><\/h3>\n<div>\n<div>.<\/div>\n<div style=\"padding-left: 40px;\">9. <strong>Anna Grenholm,<\/strong> \u00d6:e Stadsdelen<br \/>\n13. <strong>Erika Sj\u00f6\u00f6,<\/strong> Hamptj\u00e4rnmora<br \/>\n16. <strong>Irene Gustafsson,<\/strong> Centrum<\/div>\n<\/div>\n<div>.<\/div>\n<div>POSK har 47 av de 251 platserna i det nationella kyrkom\u00f6tet. Fyra av dessa ledam\u00f6ter representerar POSK i Lule\u00e5 stift.<\/div>\n<div>\n<p>Hela valsedeln f\u00f6r POSK i Lule\u00e5 stift i valet till kyrkom\u00f6tet, <strong><a href=\"https:\/\/www.posk.se\/boden\/wp-content\/uploads\/sites\/304\/2025\/08\/250415-km-valsedel-lulea.pdf\" target=\"_blank\" rel=\"noopener\">ser ut s\u00e5 h\u00e4r<\/a><\/strong>.<\/p>\n<h6><strong>Toppbild: Antje Jackel\u00e9n. Fr\u00e5n gudstj\u00e4nsten vid kyrkom\u00f6tets \u00f6ppnande i Uppsala domkyrka 5 oktober 2021.<\/strong><br \/>\n<strong>Foto: Gustaf Hellsing \/Ikon<\/strong><\/h6>\n<\/div>\n","protected":false},"excerpt":{"rendered":"<p>H\u00e4r \u00e4r POSKs kandidater fr\u00e5n Boden i 2025 \u00e5rs kyrkom\u00f6tesval: . 9. Anna Grenholm, \u00d6:e Stadsdelen 13. Erika Sj\u00f6\u00f6, Hamptj\u00e4rnmora 16. Irene Gustafsson, Centrum . POSK har 47 av de 251 platserna i det nationella kyrkom\u00f6tet. Fyra av dessa ledam\u00f6ter representerar POSK i Lule\u00e5 stift. Hela valsedeln f\u00f6r POSK i Lule\u00e5 stift i valet till [&hellip;]<\/p>\n","protected":false},"author":54,"featured_media":111,"parent":0,"menu_order":3,"comment_status":"closed","ping_status":"closed","template":"page-templates\/page-sidebar-left.php","meta":{"_acf_changed":false,"footnotes":""},"class_list":["post-60","page","type-page","status-publish","has-post-thumbnail","hentry"],"acf":[],"yoast_head":"<!-- This site is optimized with the Yoast SEO plugin v24.9 - https:\/\/yoast.com\/wordpress\/plugins\/seo\/ -->\n<title>Kandidater \u2013 kyrkom\u00f6tet - Bodens pastorat<\/title>\n<meta name=\"robots\" content=\"index, follow, max-snippet:-1, max-image-preview:large, max-video-preview:-1\" \/>\n<link rel=\"canonical\" href=\"https:\/\/www.posk.se\/boden\/kandidater-kyrkomotet\/\" \/>\n<meta property=\"og:locale\" content=\"sv_SE\" \/>\n<meta property=\"og:type\" content=\"article\" \/>\n<meta property=\"og:title\" content=\"Kandidater \u2013 kyrkom\u00f6tet - Bodens pastorat\" \/>\n<meta property=\"og:description\" content=\"H\u00e4r \u00e4r POSKs kandidater fr\u00e5n Boden i 2025 \u00e5rs kyrkom\u00f6tesval: . 9. Anna Grenholm, \u00d6:e Stadsdelen 13. Erika Sj\u00f6\u00f6, Hamptj\u00e4rnmora 16. Irene Gustafsson, Centrum . POSK har 47 av de 251 platserna i det nationella kyrkom\u00f6tet. Fyra av dessa ledam\u00f6ter representerar POSK i Lule\u00e5 stift. Hela valsedeln f\u00f6r POSK i Lule\u00e5 stift i valet till [&hellip;]\" \/>\n<meta property=\"og:url\" content=\"https:\/\/www.posk.se\/boden\/kandidater-kyrkomotet\/\" \/>\n<meta property=\"og:site_name\" content=\"Bodens pastorat\" \/>\n<meta property=\"article:modified_time\" content=\"2025-08-28T08:53:02+00:00\" \/>\n<meta property=\"og:image\" content=\"https:\/\/www.posk.se\/boden\/wp-content\/uploads\/sites\/304\/2025\/08\/antje-vid-kyrkomotes-gtj-2021-besk.jpg\" \/>\n\t<meta property=\"og:image:width\" content=\"1600\" \/>\n\t<meta property=\"og:image:height\" content=\"648\" \/>\n\t<meta property=\"og:image:type\" content=\"image\/jpeg\" \/>\n<meta name=\"twitter:card\" content=\"summary_large_image\" \/>\n<meta name=\"twitter:label1\" content=\"Ber\u00e4knad l\u00e4stid\" \/>\n\t<meta name=\"twitter:data1\" content=\"1 minut\" \/>\n<script type=\"application\/ld+json\" class=\"yoast-schema-graph\">{\"@context\":\"https:\/\/schema.org\",\"@graph\":[{\"@type\":\"WebPage\",\"@id\":\"https:\/\/www.posk.se\/boden\/kandidater-kyrkomotet\/\",\"url\":\"https:\/\/www.posk.se\/boden\/kandidater-kyrkomotet\/\",\"name\":\"Kandidater \u2013 kyrkom\u00f6tet - Bodens pastorat\",\"isPartOf\":{\"@id\":\"https:\/\/www.posk.se\/boden\/#website\"},\"primaryImageOfPage\":{\"@id\":\"https:\/\/www.posk.se\/boden\/kandidater-kyrkomotet\/#primaryimage\"},\"image\":{\"@id\":\"https:\/\/www.posk.se\/boden\/kandidater-kyrkomotet\/#primaryimage\"},\"thumbnailUrl\":\"https:\/\/www.posk.se\/boden\/wp-content\/uploads\/sites\/304\/2025\/08\/antje-vid-kyrkomotes-gtj-2021-besk.jpg\",\"datePublished\":\"2025-08-28T06:33:54+00:00\",\"dateModified\":\"2025-08-28T08:53:02+00:00\",\"breadcrumb\":{\"@id\":\"https:\/\/www.posk.se\/boden\/kandidater-kyrkomotet\/#breadcrumb\"},\"inLanguage\":\"sv-SE\",\"potentialAction\":[{\"@type\":\"ReadAction\",\"target\":[\"https:\/\/www.posk.se\/boden\/kandidater-kyrkomotet\/\"]}]},{\"@type\":\"ImageObject\",\"inLanguage\":\"sv-SE\",\"@id\":\"https:\/\/www.posk.se\/boden\/kandidater-kyrkomotet\/#primaryimage\",\"url\":\"https:\/\/www.posk.se\/boden\/wp-content\/uploads\/sites\/304\/2025\/08\/antje-vid-kyrkomotes-gtj-2021-besk.jpg\",\"contentUrl\":\"https:\/\/www.posk.se\/boden\/wp-content\/uploads\/sites\/304\/2025\/08\/antje-vid-kyrkomotes-gtj-2021-besk.jpg\",\"width\":1600,\"height\":648},{\"@type\":\"BreadcrumbList\",\"@id\":\"https:\/\/www.posk.se\/boden\/kandidater-kyrkomotet\/#breadcrumb\",\"itemListElement\":[{\"@type\":\"ListItem\",\"position\":1,\"name\":\"Hem\",\"item\":\"https:\/\/www.posk.se\/boden\/\"},{\"@type\":\"ListItem\",\"position\":2,\"name\":\"Kandidater \u2013 kyrkom\u00f6tet\"}]},{\"@type\":\"WebSite\",\"@id\":\"https:\/\/www.posk.se\/boden\/#website\",\"url\":\"https:\/\/www.posk.se\/boden\/\",\"name\":\"Bodens pastorat\",\"description\":\"POSK-grupp i Lule\u00e5 stift\",\"potentialAction\":[{\"@type\":\"SearchAction\",\"target\":{\"@type\":\"EntryPoint\",\"urlTemplate\":\"https:\/\/www.posk.se\/boden\/?s={search_term_string}\"},\"query-input\":{\"@type\":\"PropertyValueSpecification\",\"valueRequired\":true,\"valueName\":\"search_term_string\"}}],\"inLanguage\":\"sv-SE\"}]}<\/script>\n<!-- \/ Yoast SEO plugin. -->","yoast_head_json":{"title":"Kandidater \u2013 kyrkom\u00f6tet - Bodens pastorat","robots":{"index":"index","follow":"follow","max-snippet":"max-snippet:-1","max-image-preview":"max-image-preview:large","max-video-preview":"max-video-preview:-1"},"canonical":"https:\/\/www.posk.se\/boden\/kandidater-kyrkomotet\/","og_locale":"sv_SE","og_type":"article","og_title":"Kandidater \u2013 kyrkom\u00f6tet - Bodens pastorat","og_description":"H\u00e4r \u00e4r POSKs kandidater fr\u00e5n Boden i 2025 \u00e5rs kyrkom\u00f6tesval: . 9. Anna Grenholm, \u00d6:e Stadsdelen 13. Erika Sj\u00f6\u00f6, Hamptj\u00e4rnmora 16. Irene Gustafsson, Centrum . POSK har 47 av de 251 platserna i det nationella kyrkom\u00f6tet. Fyra av dessa ledam\u00f6ter representerar POSK i Lule\u00e5 stift. Hela valsedeln f\u00f6r POSK i Lule\u00e5 stift i valet till [&hellip;]","og_url":"https:\/\/www.posk.se\/boden\/kandidater-kyrkomotet\/","og_site_name":"Bodens pastorat","article_modified_time":"2025-08-28T08:53:02+00:00","og_image":[{"width":1600,"height":648,"url":"https:\/\/www.posk.se\/boden\/wp-content\/uploads\/sites\/304\/2025\/08\/antje-vid-kyrkomotes-gtj-2021-besk.jpg","type":"image\/jpeg"}],"twitter_card":"summary_large_image","twitter_misc":{"Ber\u00e4knad l\u00e4stid":"1 minut"},"schema":{"@context":"https:\/\/schema.org","@graph":[{"@type":"WebPage","@id":"https:\/\/www.posk.se\/boden\/kandidater-kyrkomotet\/","url":"https:\/\/www.posk.se\/boden\/kandidater-kyrkomotet\/","name":"Kandidater \u2013 kyrkom\u00f6tet - Bodens pastorat","isPartOf":{"@id":"https:\/\/www.posk.se\/boden\/#website"},"primaryImageOfPage":{"@id":"https:\/\/www.posk.se\/boden\/kandidater-kyrkomotet\/#primaryimage"},"image":{"@id":"https:\/\/www.posk.se\/boden\/kandidater-kyrkomotet\/#primaryimage"},"thumbnailUrl":"https:\/\/www.posk.se\/boden\/wp-content\/uploads\/sites\/304\/2025\/08\/antje-vid-kyrkomotes-gtj-2021-besk.jpg","datePublished":"2025-08-28T06:33:54+00:00","dateModified":"2025-08-28T08:53:02+00:00","breadcrumb":{"@id":"https:\/\/www.posk.se\/boden\/kandidater-kyrkomotet\/#breadcrumb"},"inLanguage":"sv-SE","potentialAction":[{"@type":"ReadAction","target":["https:\/\/www.posk.se\/boden\/kandidater-kyrkomotet\/"]}]},{"@type":"ImageObject","inLanguage":"sv-SE","@id":"https:\/\/www.posk.se\/boden\/kandidater-kyrkomotet\/#primaryimage","url":"https:\/\/www.posk.se\/boden\/wp-content\/uploads\/sites\/304\/2025\/08\/antje-vid-kyrkomotes-gtj-2021-besk.jpg","contentUrl":"https:\/\/www.posk.se\/boden\/wp-content\/uploads\/sites\/304\/2025\/08\/antje-vid-kyrkomotes-gtj-2021-besk.jpg","width":1600,"height":648},{"@type":"BreadcrumbList","@id":"https:\/\/www.posk.se\/boden\/kandidater-kyrkomotet\/#breadcrumb","itemListElement":[{"@type":"ListItem","position":1,"name":"Hem","item":"https:\/\/www.posk.se\/boden\/"},{"@type":"ListItem","position":2,"name":"Kandidater \u2013 kyrkom\u00f6tet"}]},{"@type":"WebSite","@id":"https:\/\/www.posk.se\/boden\/#website","url":"https:\/\/www.posk.se\/boden\/","name":"Bodens pastorat","description":"POSK-grupp i Lule\u00e5 stift","potentialAction":[{"@type":"SearchAction","target":{"@type":"EntryPoint","urlTemplate":"https:\/\/www.posk.se\/boden\/?s={search_term_string}"},"query-input":{"@type":"PropertyValueSpecification","valueRequired":true,"valueName":"search_term_string"}}],"inLanguage":"sv-SE"}]}},"_links":{"self":[{"href":"https:\/\/www.posk.se\/boden\/wp-json\/wp\/v2\/pages\/60","targetHints":{"allow":["GET"]}}],"collection":[{"href":"https:\/\/www.posk.se\/boden\/wp-json\/wp\/v2\/pages"}],"about":[{"href":"https:\/\/www.posk.se\/boden\/wp-json\/wp\/v2\/types\/page"}],"author":[{"embeddable":true,"href":"https:\/\/www.posk.se\/boden\/wp-json\/wp\/v2\/users\/54"}],"replies":[{"embeddable":true,"href":"https:\/\/www.posk.se\/boden\/wp-json\/wp\/v2\/comments?post=60"}],"version-history":[{"count":12,"href":"https:\/\/www.posk.se\/boden\/wp-json\/wp\/v2\/pages\/60\/revisions"}],"predecessor-version":[{"id":114,"href":"https:\/\/www.posk.se\/boden\/wp-json\/wp\/v2\/pages\/60\/revisions\/114"}],"wp:featuredmedia":[{"embeddable":true,"href":"https:\/\/www.posk.se\/boden\/wp-json\/wp\/v2\/media\/111"}],"wp:attachment":[{"href":"https:\/\/www.posk.se\/boden\/wp-json\/wp\/v2\/media?parent=60"}],"curies":[{"name":"wp","href":"https:\/\/api.w.org\/{rel}","templated":true}]}}

Kandidater – kyrkomötet

<h3><span style="color: #000080;">Här är POSKs kandidater från Boden<br />
i 2025 års kyrkomötesval:</span></h3>
<div>
<div>.</div>
<div style="padding-left: 40px;">9. <strong>Anna Grenholm,</strong> Ö:e Stadsdelen<br />
13. <strong>Erika Sjöö,</strong> Hamptjärnmora<br />
16. <strong>Irene Gustafsson,</strong> Centrum</div>
</div>
<div>.</div>
<div>POSK har 47 av de 251 platserna i det nationella kyrkomötet. Fyra av dessa ledamöter representerar POSK i Luleå stift.</div>
<div>
<p>Hela valsedeln för POSK i Luleå stift i valet till kyrkomötet, <strong><a href="https://www.posk.se/boden/wp-content/uploads/sites/304/2025/08/250415-km-valsedel-lulea.pdf" target="_blank" rel="noopener">ser ut så här</a></strong>.</p>
<h6><strong>Toppbild: Antje Jackelén. Från gudstjänsten vid kyrkomötets öppnande i Uppsala domkyrka 5 oktober 2021.</strong><br />
<strong>Foto: Gustaf Hellsing /Ikon</strong></h6>
</div>

<p>Här är POSKs kandidater från Boden i 2025 års kyrkomötesval: . 9. Anna Grenholm, Ö:e Stadsdelen 13. Erika Sjöö, Hamptjärnmora 16. Irene Gustafsson, Centrum . POSK har 47 av de 251 platserna i det nationella kyrkomötet. Fyra av dessa ledamöter representerar POSK i Luleå stift. Hela valsedeln för POSK i Luleå stift i valet till [&hellip;]</p>

<!-- This site is optimized with the Yoast SEO plugin v24.9 - https://yoast.com/wordpress/plugins/seo/ -->
<title>Kandidater – kyrkomötet - Bodens pastorat</title>
<meta name="robots" content="index, follow, max-snippet:-1, max-image-preview:large, max-video-preview:-1" />
<link rel="canonical" href="https://www.posk.se/boden/kandidater-kyrkomotet/" />
<meta property="og:locale" content="sv_SE" />
<meta property="og:type" content="article" />
<meta property="og:title" content="Kandidater – kyrkomötet - Bodens pastorat" />
<meta property="og:description" content="Här är POSKs kandidater från Boden i 2025 års kyrkomötesval: . 9. Anna Grenholm, Ö:e Stadsdelen 13. Erika Sjöö, Hamptjärnmora 16. Irene Gustafsson, Centrum . POSK har 47 av de 251 platserna i det nationella kyrkomötet. Fyra av dessa ledamöter representerar POSK i Luleå stift. Hela valsedeln för POSK i Luleå stift i valet till [&hellip;]" />
<meta property="og:url" content="https://www.posk.se/boden/kandidater-kyrkomotet/" />
<meta property="og:site_name" content="Bodens pastorat" />
<meta property="article:modified_time" content="2025-08-28T08:53:02+00:00" />
<meta property="og:image" content="https://www.posk.se/boden/wp-content/uploads/sites/304/2025/08/antje-vid-kyrkomotes-gtj-2021-besk.jpg" />
	<meta property="og:image:width" content="1600" />
	<meta property="og:image:height" content="648" />
	<meta property="og:image:type" content="image/jpeg" />
<meta name="twitter:card" content="summary_large_image" />
<meta name="twitter:label1" content="Beräknad lästid" />
	<meta name="twitter:data1" content="1 minut" />
<script type="application/ld+json" class="yoast-schema-graph">{"@context":"https://schema.org","@graph":[{"@type":"WebPage","@id":"https://www.posk.se/boden/kandidater-kyrkomotet/","url":"https://www.posk.se/boden/kandidater-kyrkomotet/","name":"Kandidater – kyrkomötet - Bodens pastorat","isPartOf":{"@id":"https://www.posk.se/boden/#website"},"primaryImageOfPage":{"@id":"https://www.posk.se/boden/kandidater-kyrkomotet/#primaryimage"},"image":{"@id":"https://www.posk.se/boden/kandidater-kyrkomotet/#primaryimage"},"thumbnailUrl":"https://www.posk.se/boden/wp-content/uploads/sites/304/2025/08/antje-vid-kyrkomotes-gtj-2021-besk.jpg","datePublished":"2025-08-28T06:33:54+00:00","dateModified":"2025-08-28T08:53:02+00:00","breadcrumb":{"@id":"https://www.posk.se/boden/kandidater-kyrkomotet/#breadcrumb"},"inLanguage":"sv-SE","potentialAction":[{"@type":"ReadAction","target":["https://www.posk.se/boden/kandidater-kyrkomotet/"]}]},{"@type":"ImageObject","inLanguage":"sv-SE","@id":"https://www.posk.se/boden/kandidater-kyrkomotet/#primaryimage","url":"https://www.posk.se/boden/wp-content/uploads/sites/304/2025/08/antje-vid-kyrkomotes-gtj-2021-besk.jpg","contentUrl":"https://www.posk.se/boden/wp-content/uploads/sites/304/2025/08/antje-vid-kyrkomotes-gtj-2021-besk.jpg","width":1600,"height":648},{"@type":"BreadcrumbList","@id":"https://www.posk.se/boden/kandidater-kyrkomotet/#breadcrumb","itemListElement":[{"@type":"ListItem","position":1,"name":"Hem","item":"https://www.posk.se/boden/"},{"@type":"ListItem","position":2,"name":"Kandidater – kyrkomötet"}]},{"@type":"WebSite","@id":"https://www.posk.se/boden/#website","url":"https://www.posk.se/boden/","name":"Bodens pastorat","description":"POSK-grupp i Luleå stift","potentialAction":[{"@type":"SearchAction","target":{"@type":"EntryPoint","urlTemplate":"https://www.posk.se/boden/?s={search_term_string}"},"query-input":{"@type":"PropertyValueSpecification","valueRequired":true,"valueName":"search_term_string"}}],"inLanguage":"sv-SE"}]}</script>
<!-- / Yoast SEO plugin. -->

Kandidater – kyrkomötet - Bodens pastorat

Här är POSKs kandidater från Boden i 2025 års kyrkomötesval: . 9. Anna Grenholm, Ö:e Stadsdelen 13. Erika Sjöö, Hamptjärnmora 16. Irene Gustafsson, Centrum . POSK har 47 av de 251 platserna i det nationella kyrkomötet. Fyra av dessa ledamöter representerar POSK i Luleå stift. Hela valsedeln för POSK i Luleå stift i valet till [&hellip;]

POSK-grupp i Luleå stift
