{"id":5,"date":"2025-04-28T09:01:02","date_gmt":"2025-04-28T07:01:02","guid":{"rendered":"https:\/\/www.posk.se\/boden\/?page_id=5"},"modified":"2025-08-29T05:51:35","modified_gmt":"2025-08-29T03:51:35","slug":"startsidan","status":"publish","type":"page","link":"https:\/\/www.posk.se\/boden\/","title":{"rendered":"Bodens pastorat"},"content":{"rendered":"<p><strong>POSK i Bodens pastorat<\/strong><br \/>\nst\u00e4ller i \u00e5rets kyrkoval upp i kyrkofullm\u00e4ktigevalet med detta namn. Vi har tidigare, sedan ett antal mandatperioder, st\u00e4llt upp i kyrkovalet i Bodens pastorat under beteckningen \u201dKyrkans V\u00e4l\u201d.<br \/>\nH\u00f6sten 2024 ansl\u00f6t vi oss till POSK, Partipolitiskt obundna i Svenska kyrkan, som \u00e4r den n\u00e4st st\u00f6rsta nomineringsgruppen i Svenska kyrkan, och den st\u00f6rsta obundna gruppen i kyrkom\u00f6tet och stiftsfullm\u00e4ktige.<\/p>\n<p>H\u00e4r p\u00e5 v\u00e5r webbplats kan du l\u00e4sa mer om <a href=\"https:\/\/www.posk.se\/boden\/vart-program\">vad vi vill<\/a> i Bodens pastorat, och vi presenterar de kandidater vi st\u00e4ller upp med i <a href=\"https:\/\/www.posk.se\/boden\/kandidatlista-kyrkofullmaktige\">kyrkofullm\u00e4ktigevalet<\/a>, och i valen till <a href=\"https:\/\/www.posk.se\/boden\/kandidater-stiftsfullmaktige\">stiftsfullm\u00e4ktige<\/a> och det nationella <a href=\"https:\/\/www.posk.se\/boden\/kandidater-kyrkomotet\">kyrkom\u00f6tet<\/a>.<\/p>\n<h4 class=\"&quot;kyrkovalet_se&quot;\">Kontaktpersoner:<\/h4>\n<p><strong>Sven-Olov Grenholm<\/strong>, ordf\u00f6rande.<br \/>\n<a href=\"mailto:sven-olov.grenholm@telia.com\">sven-olov.grenholm@telia.com<\/a><br \/>\n070-666 85 42<\/p>\n<p><strong>Erika Sj\u00f6\u00f6<\/strong>, sekreterare<br \/>\n<a href=\"mailto:sjoo.erika@gmail.com\">sjoo.erika@gmail.com<\/a><br \/>\n070-324 40 04<\/p>\n<h6>Toppbild: Nationaldag och barnkarneval 2013. G\u00e5gatan mot Kyrkgatan, Boden. Foto: Andreas Lakso &#8211; <a href=\"https:\/\/commons.wikimedia.org\/w\/index.php?curid=34320719\" target=\"_blank\" rel=\"noopener\">Eget arbete<\/a>, CC BY-SA 4.0,<\/h6>\n","protected":false},"excerpt":{"rendered":"<p>POSK i Bodens pastorat st\u00e4ller i \u00e5rets kyrkoval upp i kyrkofullm\u00e4ktigevalet med detta namn. Vi har tidigare, sedan ett antal mandatperioder, st\u00e4llt upp i kyrkovalet i Bodens pastorat under beteckningen \u201dKyrkans V\u00e4l\u201d. H\u00f6sten 2024 ansl\u00f6t vi oss till POSK, Partipolitiskt obundna i Svenska kyrkan, som \u00e4r den n\u00e4st st\u00f6rsta nomineringsgruppen i Svenska kyrkan, och den [&hellip;]<\/p>\n","protected":false},"author":91,"featured_media":116,"parent":0,"menu_order":0,"comment_status":"closed","ping_status":"closed","template":"page-templates\/page-sidebar-left.php","meta":{"_acf_changed":false,"footnotes":""},"class_list":["post-5","page","type-page","status-publish","has-post-thumbnail","hentry"],"acf":[],"yoast_head":"<!-- This site is optimized with the Yoast SEO plugin v24.9 - https:\/\/yoast.com\/wordpress\/plugins\/seo\/ -->\n<title>Bodens pastorat - Bodens pastorat<\/title>\n<meta name=\"robots\" content=\"index, follow, max-snippet:-1, max-image-preview:large, max-video-preview:-1\" \/>\n<link rel=\"canonical\" href=\"https:\/\/www.posk.se\/boden\/\" \/>\n<meta property=\"og:locale\" content=\"sv_SE\" \/>\n<meta property=\"og:type\" content=\"article\" \/>\n<meta property=\"og:title\" content=\"Bodens pastorat - Bodens pastorat\" \/>\n<meta property=\"og:description\" content=\"POSK i Bodens pastorat st\u00e4ller i \u00e5rets kyrkoval upp i kyrkofullm\u00e4ktigevalet med detta namn. Vi har tidigare, sedan ett antal mandatperioder, st\u00e4llt upp i kyrkovalet i Bodens pastorat under beteckningen \u201dKyrkans V\u00e4l\u201d. H\u00f6sten 2024 ansl\u00f6t vi oss till POSK, Partipolitiskt obundna i Svenska kyrkan, som \u00e4r den n\u00e4st st\u00f6rsta nomineringsgruppen i Svenska kyrkan, och den [&hellip;]\" \/>\n<meta property=\"og:url\" content=\"https:\/\/www.posk.se\/boden\/\" \/>\n<meta property=\"og:site_name\" content=\"Bodens pastorat\" \/>\n<meta property=\"article:modified_time\" content=\"2025-08-29T03:51:35+00:00\" \/>\n<meta property=\"og:image\" content=\"https:\/\/www.posk.se\/boden\/wp-content\/uploads\/sites\/304\/2025\/08\/1620px-nationaldag-och-barnkarneval-boden.jpeg\" \/>\n\t<meta property=\"og:image:width\" content=\"1620\" \/>\n\t<meta property=\"og:image:height\" content=\"1080\" \/>\n\t<meta property=\"og:image:type\" content=\"image\/jpeg\" \/>\n<meta name=\"twitter:card\" content=\"summary_large_image\" \/>\n<meta name=\"twitter:label1\" content=\"Ber\u00e4knad l\u00e4stid\" \/>\n\t<meta name=\"twitter:data1\" content=\"1 minut\" \/>\n<script type=\"application\/ld+json\" class=\"yoast-schema-graph\">{\"@context\":\"https:\/\/schema.org\",\"@graph\":[{\"@type\":\"WebPage\",\"@id\":\"https:\/\/www.posk.se\/boden\/\",\"url\":\"https:\/\/www.posk.se\/boden\/\",\"name\":\"Bodens pastorat - Bodens pastorat\",\"isPartOf\":{\"@id\":\"https:\/\/www.posk.se\/boden\/#website\"},\"primaryImageOfPage\":{\"@id\":\"https:\/\/www.posk.se\/boden\/#primaryimage\"},\"image\":{\"@id\":\"https:\/\/www.posk.se\/boden\/#primaryimage\"},\"thumbnailUrl\":\"https:\/\/www.posk.se\/boden\/wp-content\/uploads\/sites\/304\/2025\/08\/1620px-nationaldag-och-barnkarneval-boden.jpeg\",\"datePublished\":\"2025-04-28T07:01:02+00:00\",\"dateModified\":\"2025-08-29T03:51:35+00:00\",\"breadcrumb\":{\"@id\":\"https:\/\/www.posk.se\/boden\/#breadcrumb\"},\"inLanguage\":\"sv-SE\",\"potentialAction\":[{\"@type\":\"ReadAction\",\"target\":[\"https:\/\/www.posk.se\/boden\/\"]}]},{\"@type\":\"ImageObject\",\"inLanguage\":\"sv-SE\",\"@id\":\"https:\/\/www.posk.se\/boden\/#primaryimage\",\"url\":\"https:\/\/www.posk.se\/boden\/wp-content\/uploads\/sites\/304\/2025\/08\/1620px-nationaldag-och-barnkarneval-boden.jpeg\",\"contentUrl\":\"https:\/\/www.posk.se\/boden\/wp-content\/uploads\/sites\/304\/2025\/08\/1620px-nationaldag-och-barnkarneval-boden.jpeg\",\"width\":1620,\"height\":1080},{\"@type\":\"BreadcrumbList\",\"@id\":\"https:\/\/www.posk.se\/boden\/#breadcrumb\",\"itemListElement\":[{\"@type\":\"ListItem\",\"position\":1,\"name\":\"Hem\",\"item\":\"https:\/\/www.posk.se\/boden\/\"},{\"@type\":\"ListItem\",\"position\":2,\"name\":\"Bodens pastorat\"}]},{\"@type\":\"WebSite\",\"@id\":\"https:\/\/www.posk.se\/boden\/#website\",\"url\":\"https:\/\/www.posk.se\/boden\/\",\"name\":\"Bodens pastorat\",\"description\":\"POSK-grupp i Lule\u00e5 stift\",\"potentialAction\":[{\"@type\":\"SearchAction\",\"target\":{\"@type\":\"EntryPoint\",\"urlTemplate\":\"https:\/\/www.posk.se\/boden\/?s={search_term_string}\"},\"query-input\":{\"@type\":\"PropertyValueSpecification\",\"valueRequired\":true,\"valueName\":\"search_term_string\"}}],\"inLanguage\":\"sv-SE\"}]}<\/script>\n<!-- \/ Yoast SEO plugin. -->","yoast_head_json":{"title":"Bodens pastorat - Bodens pastorat","robots":{"index":"index","follow":"follow","max-snippet":"max-snippet:-1","max-image-preview":"max-image-preview:large","max-video-preview":"max-video-preview:-1"},"canonical":"https:\/\/www.posk.se\/boden\/","og_locale":"sv_SE","og_type":"article","og_title":"Bodens pastorat - Bodens pastorat","og_description":"POSK i Bodens pastorat st\u00e4ller i \u00e5rets kyrkoval upp i kyrkofullm\u00e4ktigevalet med detta namn. Vi har tidigare, sedan ett antal mandatperioder, st\u00e4llt upp i kyrkovalet i Bodens pastorat under beteckningen \u201dKyrkans V\u00e4l\u201d. H\u00f6sten 2024 ansl\u00f6t vi oss till POSK, Partipolitiskt obundna i Svenska kyrkan, som \u00e4r den n\u00e4st st\u00f6rsta nomineringsgruppen i Svenska kyrkan, och den [&hellip;]","og_url":"https:\/\/www.posk.se\/boden\/","og_site_name":"Bodens pastorat","article_modified_time":"2025-08-29T03:51:35+00:00","og_image":[{"width":1620,"height":1080,"url":"https:\/\/www.posk.se\/boden\/wp-content\/uploads\/sites\/304\/2025\/08\/1620px-nationaldag-och-barnkarneval-boden.jpeg","type":"image\/jpeg"}],"twitter_card":"summary_large_image","twitter_misc":{"Ber\u00e4knad l\u00e4stid":"1 minut"},"schema":{"@context":"https:\/\/schema.org","@graph":[{"@type":"WebPage","@id":"https:\/\/www.posk.se\/boden\/","url":"https:\/\/www.posk.se\/boden\/","name":"Bodens pastorat - Bodens pastorat","isPartOf":{"@id":"https:\/\/www.posk.se\/boden\/#website"},"primaryImageOfPage":{"@id":"https:\/\/www.posk.se\/boden\/#primaryimage"},"image":{"@id":"https:\/\/www.posk.se\/boden\/#primaryimage"},"thumbnailUrl":"https:\/\/www.posk.se\/boden\/wp-content\/uploads\/sites\/304\/2025\/08\/1620px-nationaldag-och-barnkarneval-boden.jpeg","datePublished":"2025-04-28T07:01:02+00:00","dateModified":"2025-08-29T03:51:35+00:00","breadcrumb":{"@id":"https:\/\/www.posk.se\/boden\/#breadcrumb"},"inLanguage":"sv-SE","potentialAction":[{"@type":"ReadAction","target":["https:\/\/www.posk.se\/boden\/"]}]},{"@type":"ImageObject","inLanguage":"sv-SE","@id":"https:\/\/www.posk.se\/boden\/#primaryimage","url":"https:\/\/www.posk.se\/boden\/wp-content\/uploads\/sites\/304\/2025\/08\/1620px-nationaldag-och-barnkarneval-boden.jpeg","contentUrl":"https:\/\/www.posk.se\/boden\/wp-content\/uploads\/sites\/304\/2025\/08\/1620px-nationaldag-och-barnkarneval-boden.jpeg","width":1620,"height":1080},{"@type":"BreadcrumbList","@id":"https:\/\/www.posk.se\/boden\/#breadcrumb","itemListElement":[{"@type":"ListItem","position":1,"name":"Hem","item":"https:\/\/www.posk.se\/boden\/"},{"@type":"ListItem","position":2,"name":"Bodens pastorat"}]},{"@type":"WebSite","@id":"https:\/\/www.posk.se\/boden\/#website","url":"https:\/\/www.posk.se\/boden\/","name":"Bodens pastorat","description":"POSK-grupp i Lule\u00e5 stift","potentialAction":[{"@type":"SearchAction","target":{"@type":"EntryPoint","urlTemplate":"https:\/\/www.posk.se\/boden\/?s={search_term_string}"},"query-input":{"@type":"PropertyValueSpecification","valueRequired":true,"valueName":"search_term_string"}}],"inLanguage":"sv-SE"}]}},"_links":{"self":[{"href":"https:\/\/www.posk.se\/boden\/wp-json\/wp\/v2\/pages\/5","targetHints":{"allow":["GET"]}}],"collection":[{"href":"https:\/\/www.posk.se\/boden\/wp-json\/wp\/v2\/pages"}],"about":[{"href":"https:\/\/www.posk.se\/boden\/wp-json\/wp\/v2\/types\/page"}],"author":[{"embeddable":true,"href":"https:\/\/www.posk.se\/boden\/wp-json\/wp\/v2\/users\/91"}],"replies":[{"embeddable":true,"href":"https:\/\/www.posk.se\/boden\/wp-json\/wp\/v2\/comments?post=5"}],"version-history":[{"count":14,"href":"https:\/\/www.posk.se\/boden\/wp-json\/wp\/v2\/pages\/5\/revisions"}],"predecessor-version":[{"id":136,"href":"https:\/\/www.posk.se\/boden\/wp-json\/wp\/v2\/pages\/5\/revisions\/136"}],"wp:featuredmedia":[{"embeddable":true,"href":"https:\/\/www.posk.se\/boden\/wp-json\/wp\/v2\/media\/116"}],"wp:attachment":[{"href":"https:\/\/www.posk.se\/boden\/wp-json\/wp\/v2\/media?parent=5"}],"curies":[{"name":"wp","href":"https:\/\/api.w.org\/{rel}","templated":true}]}}

<p><strong>POSK i Bodens pastorat</strong><br />
ställer i årets kyrkoval upp i kyrkofullmäktigevalet med detta namn. Vi har tidigare, sedan ett antal mandatperioder, ställt upp i kyrkovalet i Bodens pastorat under beteckningen ”Kyrkans Väl”.<br />
Hösten 2024 anslöt vi oss till POSK, Partipolitiskt obundna i Svenska kyrkan, som är den näst största nomineringsgruppen i Svenska kyrkan, och den största obundna gruppen i kyrkomötet och stiftsfullmäktige.</p>
<p>Här på vår webbplats kan du läsa mer om <a href="https://www.posk.se/boden/vart-program">vad vi vill</a> i Bodens pastorat, och vi presenterar de kandidater vi ställer upp med i <a href="https://www.posk.se/boden/kandidatlista-kyrkofullmaktige">kyrkofullmäktigevalet</a>, och i valen till <a href="https://www.posk.se/boden/kandidater-stiftsfullmaktige">stiftsfullmäktige</a> och det nationella <a href="https://www.posk.se/boden/kandidater-kyrkomotet">kyrkomötet</a>.</p>
<h4 class="&quot;kyrkovalet_se&quot;">Kontaktpersoner:</h4>
<p><strong>Sven-Olov Grenholm</strong>, ordförande.<br />
<a href="mailto:sven-olov.grenholm@telia.com">sven-olov.grenholm@telia.com</a><br />
070-666 85 42</p>
<p><strong>Erika Sjöö</strong>, sekreterare<br />
<a href="mailto:sjoo.erika@gmail.com">sjoo.erika@gmail.com</a><br />
070-324 40 04</p>
<h6>Toppbild: Nationaldag och barnkarneval 2013. Gågatan mot Kyrkgatan, Boden. Foto: Andreas Lakso &#8211; <a href="https://commons.wikimedia.org/w/index.php?curid=34320719" target="_blank" rel="noopener">Eget arbete</a>, CC BY-SA 4.0,</h6>

<p>POSK i Bodens pastorat ställer i årets kyrkoval upp i kyrkofullmäktigevalet med detta namn. Vi har tidigare, sedan ett antal mandatperioder, ställt upp i kyrkovalet i Bodens pastorat under beteckningen ”Kyrkans Väl”. Hösten 2024 anslöt vi oss till POSK, Partipolitiskt obundna i Svenska kyrkan, som är den näst största nomineringsgruppen i Svenska kyrkan, och den [&hellip;]</p>

<!-- This site is optimized with the Yoast SEO plugin v24.9 - https://yoast.com/wordpress/plugins/seo/ -->
<title>Bodens pastorat - Bodens pastorat</title>
<meta name="robots" content="index, follow, max-snippet:-1, max-image-preview:large, max-video-preview:-1" />
<link rel="canonical" href="https://www.posk.se/boden/" />
<meta property="og:locale" content="sv_SE" />
<meta property="og:type" content="article" />
<meta property="og:title" content="Bodens pastorat - Bodens pastorat" />
<meta property="og:description" content="POSK i Bodens pastorat ställer i årets kyrkoval upp i kyrkofullmäktigevalet med detta namn. Vi har tidigare, sedan ett antal mandatperioder, ställt upp i kyrkovalet i Bodens pastorat under beteckningen ”Kyrkans Väl”. Hösten 2024 anslöt vi oss till POSK, Partipolitiskt obundna i Svenska kyrkan, som är den näst största nomineringsgruppen i Svenska kyrkan, och den [&hellip;]" />
<meta property="og:url" content="https://www.posk.se/boden/" />
<meta property="og:site_name" content="Bodens pastorat" />
<meta property="article:modified_time" content="2025-08-29T03:51:35+00:00" />
<meta property="og:image" content="https://www.posk.se/boden/wp-content/uploads/sites/304/2025/08/1620px-nationaldag-och-barnkarneval-boden.jpeg" />
	<meta property="og:image:width" content="1620" />
	<meta property="og:image:height" content="1080" />
	<meta property="og:image:type" content="image/jpeg" />
<meta name="twitter:card" content="summary_large_image" />
<meta name="twitter:label1" content="Beräknad lästid" />
	<meta name="twitter:data1" content="1 minut" />
<script type="application/ld+json" class="yoast-schema-graph">{"@context":"https://schema.org","@graph":[{"@type":"WebPage","@id":"https://www.posk.se/boden/","url":"https://www.posk.se/boden/","name":"Bodens pastorat - Bodens pastorat","isPartOf":{"@id":"https://www.posk.se/boden/#website"},"primaryImageOfPage":{"@id":"https://www.posk.se/boden/#primaryimage"},"image":{"@id":"https://www.posk.se/boden/#primaryimage"},"thumbnailUrl":"https://www.posk.se/boden/wp-content/uploads/sites/304/2025/08/1620px-nationaldag-och-barnkarneval-boden.jpeg","datePublished":"2025-04-28T07:01:02+00:00","dateModified":"2025-08-29T03:51:35+00:00","breadcrumb":{"@id":"https://www.posk.se/boden/#breadcrumb"},"inLanguage":"sv-SE","potentialAction":[{"@type":"ReadAction","target":["https://www.posk.se/boden/"]}]},{"@type":"ImageObject","inLanguage":"sv-SE","@id":"https://www.posk.se/boden/#primaryimage","url":"https://www.posk.se/boden/wp-content/uploads/sites/304/2025/08/1620px-nationaldag-och-barnkarneval-boden.jpeg","contentUrl":"https://www.posk.se/boden/wp-content/uploads/sites/304/2025/08/1620px-nationaldag-och-barnkarneval-boden.jpeg","width":1620,"height":1080},{"@type":"BreadcrumbList","@id":"https://www.posk.se/boden/#breadcrumb","itemListElement":[{"@type":"ListItem","position":1,"name":"Hem","item":"https://www.posk.se/boden/"},{"@type":"ListItem","position":2,"name":"Bodens pastorat"}]},{"@type":"WebSite","@id":"https://www.posk.se/boden/#website","url":"https://www.posk.se/boden/","name":"Bodens pastorat","description":"POSK-grupp i Luleå stift","potentialAction":[{"@type":"SearchAction","target":{"@type":"EntryPoint","urlTemplate":"https://www.posk.se/boden/?s={search_term_string}"},"query-input":{"@type":"PropertyValueSpecification","valueRequired":true,"valueName":"search_term_string"}}],"inLanguage":"sv-SE"}]}</script>
<!-- / Yoast SEO plugin. -->

POSK i Bodens pastorat ställer i årets kyrkoval upp i kyrkofullmäktigevalet med detta namn. Vi har tidigare, sedan ett antal mandatperioder, ställt upp i kyrkovalet i Bodens pastorat under beteckningen ”Kyrkans Väl”. Hösten 2024 anslöt vi oss till POSK, Partipolitiskt obundna i Svenska kyrkan, som är den näst största nomineringsgruppen i Svenska kyrkan, och den [&hellip;]

POSK-grupp i Luleå stift
