{"id":17,"date":"2025-08-24T21:44:38","date_gmt":"2025-08-24T19:44:38","guid":{"rendered":"https:\/\/www.posk.se\/boden\/?page_id=17"},"modified":"2025-08-28T10:11:03","modified_gmt":"2025-08-28T08:11:03","slug":"kandidatlista-kyrkofullmaktige","status":"publish","type":"page","link":"https:\/\/www.posk.se\/boden\/kandidatlista-kyrkofullmaktige\/","title":{"rendered":"Kandidatlista \u2013 kyrkofullm\u00e4ktige"},"content":{"rendered":"<h3><span style=\"color: #000080;\">H\u00e4r \u00e4r POSKs kandidater 2025<br \/>\ntill\u00a0kyrkofullm\u00e4ktige i Bodens pastorat:<\/span><\/h3>\n<div>\n<div>1. <strong>Sven-Olov Grenholm,<\/strong> \u00d6:e Stadsdelen<br \/>\n2. <strong>Erika Sj\u00f6\u00f6,<\/strong> Hamptj\u00e4rnmora<br \/>\n3. <strong>Helene Holmstr\u00f6m,<\/strong> Centrum<br \/>\n4. <strong>Helena Nordvall,<\/strong> Centrum<br \/>\n5. <strong>Gerd Forss\u00e9n,<\/strong> Torpg\u00e4rdan<br \/>\n6. <strong>Anna Grenholm,<\/strong> \u00d6:e Stadsdelen<br \/>\n7. <strong>Catarina Ask,<\/strong> S\u00e4vast<br \/>\n8. <strong>H\u00e5kan Lundstr\u00f6m,<\/strong> Bodforsen<br \/>\n9. <strong>Bengt Sveder,<\/strong> Torpg\u00e4rdan<br \/>\n10. <strong>Geyton Gr\u00f6hn,<\/strong> S:a Svartbyn<br \/>\n11. <strong>Irene Gustafsson,<\/strong> Centrum<br \/>\n12. <strong>Annica Ess\u00e9n,<\/strong> \u00d6:e Stadsdelen<br \/>\n13. <strong>Susanne Nystr\u00f6m,<\/strong> Rasmyran<br \/>\n14. <strong>Britta Jonsson Lindvall,<\/strong> Harads<br \/>\n15. <strong>Johan Nevanper\u00e4,<\/strong> S\u00e4vast<br \/>\n16. <strong>Niklas Thorneus,<\/strong> S\u00e4vast<br \/>\n17. <strong>Inga-Lill Engstr\u00f6m,<\/strong> Fagern\u00e4s<br \/>\n18. <strong>Terese Falk Carolin,<\/strong> Svartbj\u00f6rnsbyn<br \/>\n19. <strong>Jenny Fahlman,<\/strong> Heden<br \/>\n20. <strong>Jessica Pettersson,<\/strong> Gr\u00f6nland<br \/>\n21. <strong>Bo Engstr\u00f6m,<\/strong> Fagern\u00e4s<br \/>\n22. <strong>Hans B Nilsson,<\/strong> Centrum<br \/>\n23. <strong>Johan Sellin,<\/strong> Centrum<br \/>\n24. <strong>Egon Palo,<\/strong> Tr\u00e5ngfors<br \/>\n25. <strong>Ann-Catrin Berg,<\/strong> Lakatr\u00e4sk<\/div>\n<div>26. <strong>\u00c5ke Carlsson,<\/strong> Tr\u00e5ngfors<br \/>\n27. <strong>Lars-Gunnar Holmqvist,<\/strong> N:e Stadsdelen<br \/>\n28. <strong>Jan Olof Nylander,<\/strong> Centrum<\/div>\n<div><span style=\"color: #ffffff;\">.<\/span><\/div>\n<p>Valsedeln till kyrkofullm\u00e4ktigevalet i Bodens pastorat <strong><a href=\"https:\/\/www.posk.se\/boden\/wp-content\/uploads\/sites\/304\/2025\/08\/boden-valsedel-kf.pdf\" target=\"_blank\" rel=\"noopener\">ser ut s\u00e5 h\u00e4r<\/a><\/strong>.<br \/>\nDet kommer att finnas valsedlar i respektive r\u00f6stnings- och vallokal. \u00d6nskar du mer information kontakta g\u00e4rna:<\/p>\n<p><strong>Sven-Olov Grenholm<\/strong>, ordf\u00f6rande.<br \/>\n<a href=\"mailto:sven-olov.grenholm@telia.com\">sven-olov.grenholm@telia.com<\/a><br \/>\n070-666 85 42<\/p>\n<p><strong>Erika Sj\u00f6\u00f6<\/strong>, sekreterare<br \/>\n<a href=\"mailto:sjoo.erika@gmail.com\">sjoo.erika@gmail.com<\/a><br \/>\n070-324 40 04<\/p>\n<h6>Toppbild: Mariakyrkan, S\u00e4vast f\u00f6rsamling.\u00a0Av Andreas Lakso &#8211; <a href=\"https:\/\/commons.wikimedia.org\/w\/index.php?curid=49888194\" target=\"_blank\" rel=\"noopener\">Eget arbete<\/a>, CC BY-SA 4.0,<\/h6>\n<\/div>\n","protected":false},"excerpt":{"rendered":"<p>H\u00e4r \u00e4r POSKs kandidater 2025 till\u00a0kyrkofullm\u00e4ktige i Bodens pastorat: 1. Sven-Olov Grenholm, \u00d6:e Stadsdelen 2. Erika Sj\u00f6\u00f6, Hamptj\u00e4rnmora 3. Helene Holmstr\u00f6m, Centrum 4. Helena Nordvall, Centrum 5. Gerd Forss\u00e9n, Torpg\u00e4rdan 6. Anna Grenholm, \u00d6:e Stadsdelen 7. Catarina Ask, S\u00e4vast 8. H\u00e5kan Lundstr\u00f6m, Bodforsen 9. Bengt Sveder, Torpg\u00e4rdan 10. Geyton Gr\u00f6hn, S:a Svartbyn 11. Irene Gustafsson, [&hellip;]<\/p>\n","protected":false},"author":54,"featured_media":104,"parent":0,"menu_order":1,"comment_status":"closed","ping_status":"closed","template":"page-templates\/page-sidebar-left.php","meta":{"_acf_changed":false,"footnotes":""},"class_list":["post-17","page","type-page","status-publish","has-post-thumbnail","hentry"],"acf":[],"yoast_head":"<!-- This site is optimized with the Yoast SEO plugin v24.9 - https:\/\/yoast.com\/wordpress\/plugins\/seo\/ -->\n<title>Kandidatlista \u2013 kyrkofullm\u00e4ktige - Bodens pastorat<\/title>\n<meta name=\"robots\" content=\"index, follow, max-snippet:-1, max-image-preview:large, max-video-preview:-1\" \/>\n<link rel=\"canonical\" href=\"https:\/\/www.posk.se\/boden\/kandidatlista-kyrkofullmaktige\/\" \/>\n<meta property=\"og:locale\" content=\"sv_SE\" \/>\n<meta property=\"og:type\" content=\"article\" \/>\n<meta property=\"og:title\" content=\"Kandidatlista \u2013 kyrkofullm\u00e4ktige - Bodens pastorat\" \/>\n<meta property=\"og:description\" content=\"H\u00e4r \u00e4r POSKs kandidater 2025 till\u00a0kyrkofullm\u00e4ktige i Bodens pastorat: 1. Sven-Olov Grenholm, \u00d6:e Stadsdelen 2. Erika Sj\u00f6\u00f6, Hamptj\u00e4rnmora 3. Helene Holmstr\u00f6m, Centrum 4. Helena Nordvall, Centrum 5. Gerd Forss\u00e9n, Torpg\u00e4rdan 6. Anna Grenholm, \u00d6:e Stadsdelen 7. Catarina Ask, S\u00e4vast 8. H\u00e5kan Lundstr\u00f6m, Bodforsen 9. Bengt Sveder, Torpg\u00e4rdan 10. Geyton Gr\u00f6hn, S:a Svartbyn 11. Irene Gustafsson, [&hellip;]\" \/>\n<meta property=\"og:url\" content=\"https:\/\/www.posk.se\/boden\/kandidatlista-kyrkofullmaktige\/\" \/>\n<meta property=\"og:site_name\" content=\"Bodens pastorat\" \/>\n<meta property=\"article:modified_time\" content=\"2025-08-28T08:11:03+00:00\" \/>\n<meta property=\"og:image\" content=\"https:\/\/www.posk.se\/boden\/wp-content\/uploads\/sites\/304\/2025\/08\/mariakyrkan-savast-1620px.jpg\" \/>\n\t<meta property=\"og:image:width\" content=\"1620\" \/>\n\t<meta property=\"og:image:height\" content=\"1080\" \/>\n\t<meta property=\"og:image:type\" content=\"image\/jpeg\" \/>\n<meta name=\"twitter:card\" content=\"summary_large_image\" \/>\n<meta name=\"twitter:label1\" content=\"Ber\u00e4knad l\u00e4stid\" \/>\n\t<meta name=\"twitter:data1\" content=\"2 minuter\" \/>\n<script type=\"application\/ld+json\" class=\"yoast-schema-graph\">{\"@context\":\"https:\/\/schema.org\",\"@graph\":[{\"@type\":\"WebPage\",\"@id\":\"https:\/\/www.posk.se\/boden\/kandidatlista-kyrkofullmaktige\/\",\"url\":\"https:\/\/www.posk.se\/boden\/kandidatlista-kyrkofullmaktige\/\",\"name\":\"Kandidatlista \u2013 kyrkofullm\u00e4ktige - Bodens pastorat\",\"isPartOf\":{\"@id\":\"https:\/\/www.posk.se\/boden\/#website\"},\"primaryImageOfPage\":{\"@id\":\"https:\/\/www.posk.se\/boden\/kandidatlista-kyrkofullmaktige\/#primaryimage\"},\"image\":{\"@id\":\"https:\/\/www.posk.se\/boden\/kandidatlista-kyrkofullmaktige\/#primaryimage\"},\"thumbnailUrl\":\"https:\/\/www.posk.se\/boden\/wp-content\/uploads\/sites\/304\/2025\/08\/mariakyrkan-savast-1620px.jpg\",\"datePublished\":\"2025-08-24T19:44:38+00:00\",\"dateModified\":\"2025-08-28T08:11:03+00:00\",\"breadcrumb\":{\"@id\":\"https:\/\/www.posk.se\/boden\/kandidatlista-kyrkofullmaktige\/#breadcrumb\"},\"inLanguage\":\"sv-SE\",\"potentialAction\":[{\"@type\":\"ReadAction\",\"target\":[\"https:\/\/www.posk.se\/boden\/kandidatlista-kyrkofullmaktige\/\"]}]},{\"@type\":\"ImageObject\",\"inLanguage\":\"sv-SE\",\"@id\":\"https:\/\/www.posk.se\/boden\/kandidatlista-kyrkofullmaktige\/#primaryimage\",\"url\":\"https:\/\/www.posk.se\/boden\/wp-content\/uploads\/sites\/304\/2025\/08\/mariakyrkan-savast-1620px.jpg\",\"contentUrl\":\"https:\/\/www.posk.se\/boden\/wp-content\/uploads\/sites\/304\/2025\/08\/mariakyrkan-savast-1620px.jpg\",\"width\":1620,\"height\":1080},{\"@type\":\"BreadcrumbList\",\"@id\":\"https:\/\/www.posk.se\/boden\/kandidatlista-kyrkofullmaktige\/#breadcrumb\",\"itemListElement\":[{\"@type\":\"ListItem\",\"position\":1,\"name\":\"Hem\",\"item\":\"https:\/\/www.posk.se\/boden\/\"},{\"@type\":\"ListItem\",\"position\":2,\"name\":\"Kandidatlista \u2013 kyrkofullm\u00e4ktige\"}]},{\"@type\":\"WebSite\",\"@id\":\"https:\/\/www.posk.se\/boden\/#website\",\"url\":\"https:\/\/www.posk.se\/boden\/\",\"name\":\"Bodens pastorat\",\"description\":\"POSK-grupp i Lule\u00e5 stift\",\"potentialAction\":[{\"@type\":\"SearchAction\",\"target\":{\"@type\":\"EntryPoint\",\"urlTemplate\":\"https:\/\/www.posk.se\/boden\/?s={search_term_string}\"},\"query-input\":{\"@type\":\"PropertyValueSpecification\",\"valueRequired\":true,\"valueName\":\"search_term_string\"}}],\"inLanguage\":\"sv-SE\"}]}<\/script>\n<!-- \/ Yoast SEO plugin. -->","yoast_head_json":{"title":"Kandidatlista \u2013 kyrkofullm\u00e4ktige - Bodens pastorat","robots":{"index":"index","follow":"follow","max-snippet":"max-snippet:-1","max-image-preview":"max-image-preview:large","max-video-preview":"max-video-preview:-1"},"canonical":"https:\/\/www.posk.se\/boden\/kandidatlista-kyrkofullmaktige\/","og_locale":"sv_SE","og_type":"article","og_title":"Kandidatlista \u2013 kyrkofullm\u00e4ktige - Bodens pastorat","og_description":"H\u00e4r \u00e4r POSKs kandidater 2025 till\u00a0kyrkofullm\u00e4ktige i Bodens pastorat: 1. Sven-Olov Grenholm, \u00d6:e Stadsdelen 2. Erika Sj\u00f6\u00f6, Hamptj\u00e4rnmora 3. Helene Holmstr\u00f6m, Centrum 4. Helena Nordvall, Centrum 5. Gerd Forss\u00e9n, Torpg\u00e4rdan 6. Anna Grenholm, \u00d6:e Stadsdelen 7. Catarina Ask, S\u00e4vast 8. H\u00e5kan Lundstr\u00f6m, Bodforsen 9. Bengt Sveder, Torpg\u00e4rdan 10. Geyton Gr\u00f6hn, S:a Svartbyn 11. Irene Gustafsson, [&hellip;]","og_url":"https:\/\/www.posk.se\/boden\/kandidatlista-kyrkofullmaktige\/","og_site_name":"Bodens pastorat","article_modified_time":"2025-08-28T08:11:03+00:00","og_image":[{"width":1620,"height":1080,"url":"https:\/\/www.posk.se\/boden\/wp-content\/uploads\/sites\/304\/2025\/08\/mariakyrkan-savast-1620px.jpg","type":"image\/jpeg"}],"twitter_card":"summary_large_image","twitter_misc":{"Ber\u00e4knad l\u00e4stid":"2 minuter"},"schema":{"@context":"https:\/\/schema.org","@graph":[{"@type":"WebPage","@id":"https:\/\/www.posk.se\/boden\/kandidatlista-kyrkofullmaktige\/","url":"https:\/\/www.posk.se\/boden\/kandidatlista-kyrkofullmaktige\/","name":"Kandidatlista \u2013 kyrkofullm\u00e4ktige - Bodens pastorat","isPartOf":{"@id":"https:\/\/www.posk.se\/boden\/#website"},"primaryImageOfPage":{"@id":"https:\/\/www.posk.se\/boden\/kandidatlista-kyrkofullmaktige\/#primaryimage"},"image":{"@id":"https:\/\/www.posk.se\/boden\/kandidatlista-kyrkofullmaktige\/#primaryimage"},"thumbnailUrl":"https:\/\/www.posk.se\/boden\/wp-content\/uploads\/sites\/304\/2025\/08\/mariakyrkan-savast-1620px.jpg","datePublished":"2025-08-24T19:44:38+00:00","dateModified":"2025-08-28T08:11:03+00:00","breadcrumb":{"@id":"https:\/\/www.posk.se\/boden\/kandidatlista-kyrkofullmaktige\/#breadcrumb"},"inLanguage":"sv-SE","potentialAction":[{"@type":"ReadAction","target":["https:\/\/www.posk.se\/boden\/kandidatlista-kyrkofullmaktige\/"]}]},{"@type":"ImageObject","inLanguage":"sv-SE","@id":"https:\/\/www.posk.se\/boden\/kandidatlista-kyrkofullmaktige\/#primaryimage","url":"https:\/\/www.posk.se\/boden\/wp-content\/uploads\/sites\/304\/2025\/08\/mariakyrkan-savast-1620px.jpg","contentUrl":"https:\/\/www.posk.se\/boden\/wp-content\/uploads\/sites\/304\/2025\/08\/mariakyrkan-savast-1620px.jpg","width":1620,"height":1080},{"@type":"BreadcrumbList","@id":"https:\/\/www.posk.se\/boden\/kandidatlista-kyrkofullmaktige\/#breadcrumb","itemListElement":[{"@type":"ListItem","position":1,"name":"Hem","item":"https:\/\/www.posk.se\/boden\/"},{"@type":"ListItem","position":2,"name":"Kandidatlista \u2013 kyrkofullm\u00e4ktige"}]},{"@type":"WebSite","@id":"https:\/\/www.posk.se\/boden\/#website","url":"https:\/\/www.posk.se\/boden\/","name":"Bodens pastorat","description":"POSK-grupp i Lule\u00e5 stift","potentialAction":[{"@type":"SearchAction","target":{"@type":"EntryPoint","urlTemplate":"https:\/\/www.posk.se\/boden\/?s={search_term_string}"},"query-input":{"@type":"PropertyValueSpecification","valueRequired":true,"valueName":"search_term_string"}}],"inLanguage":"sv-SE"}]}},"_links":{"self":[{"href":"https:\/\/www.posk.se\/boden\/wp-json\/wp\/v2\/pages\/17","targetHints":{"allow":["GET"]}}],"collection":[{"href":"https:\/\/www.posk.se\/boden\/wp-json\/wp\/v2\/pages"}],"about":[{"href":"https:\/\/www.posk.se\/boden\/wp-json\/wp\/v2\/types\/page"}],"author":[{"embeddable":true,"href":"https:\/\/www.posk.se\/boden\/wp-json\/wp\/v2\/users\/54"}],"replies":[{"embeddable":true,"href":"https:\/\/www.posk.se\/boden\/wp-json\/wp\/v2\/comments?post=17"}],"version-history":[{"count":12,"href":"https:\/\/www.posk.se\/boden\/wp-json\/wp\/v2\/pages\/17\/revisions"}],"predecessor-version":[{"id":106,"href":"https:\/\/www.posk.se\/boden\/wp-json\/wp\/v2\/pages\/17\/revisions\/106"}],"wp:featuredmedia":[{"embeddable":true,"href":"https:\/\/www.posk.se\/boden\/wp-json\/wp\/v2\/media\/104"}],"wp:attachment":[{"href":"https:\/\/www.posk.se\/boden\/wp-json\/wp\/v2\/media?parent=17"}],"curies":[{"name":"wp","href":"https:\/\/api.w.org\/{rel}","templated":true}]}}